f 9 + -13 + -9 + 0 + 0 + (-90 - -82)?
-21
What is -103 - ((-21 - (-11 + -10)) + -30 + 6)?
-79
Calculate (-37 - -35) + -3 + 3 + (6 + -3 - 7).
-6
Evaluate -64 - (-49 + (4 - -22)).
-41
Calculate -8 + (12 + 6 - 0) + 8 - (5 - -1).
12
Calculate (18 - -48) + -84 - (18 + -3).
-33
What is the value of -133 - (25 - (116 - 8))?
-50
Evaluate 1 + 4 + 1 + (-61 - (-66 - -44)).
-33
Calculate -7 + (-4 - -5) + 1 - (18 + -1).
-22
What is -17 - (22 + -69) - -20?
50
Evaluate 6 - ((-1 - 20) + 38).
-11
What is the value of (-25 - (-8 + (25 - 14))) + 3?
-25
What is the value of (-7 - (1 - 2)) + (-6250 - -6235)?
-21
Evaluate 107 - ((18 - 2) + -24) - (2 + (-11 - -5)).
119
14 - ((62 - 35) + (-2 - 17))
6
Calculate -2 + 9 + -45 + -7 + -13.
-58
Evaluate -16 - ((-82 - -62) + 50).
-46
What is the value of 1 + (0 - -35) + 3070 + -3080?
26
5 + 12 + (5 + 0 - (-12 + -53 + -22))
109
Calculate -14 + (6 - (16 + -6) - -61).
43
Calculate (50 + -10 - 39) + -24 + -3.
-26
What is the value of (-19 - (0 + -2)) + (10331 - 10337)?
-23
What is the value of -7 + -11 - (-3 + -14 - -19)?
-20
Evaluate (-1 - 61) + (-8820 - -8793).
-89
Calculate 23 + (-13 - 67) + 12.
-45
Calculate -19 - (-26 - -11) - (-13 - -1) - (-144 + 150).
2
What is the value of -38 - 14 - (27 + -27 + -25)?
-27
What is 57 + 91 + -135 + (51 - (4 + 2 - 2))?
60
(5 - -31 - (138 + -135)) + -49
-16
Calculate -4 + -2 + (-4 - (10 + 5 + -11)).
-14
(10 - 12) + 13 + (-43 - 62)
-94
What is the value of 11 - -233 - 256 - ((4 - 2) + 0 - 80)?
66
(-3 - -7) + (3 - (-12 + 5)) + -39 + 14
-11
What is the value of -5 - (38 + -38) - (-1 + 0 - -6) - -2?
-8
What is -11 - (-39 - (-35 - 12)) - -19?
0
What is 84 - (-36 - -130 - 70)?
60
What is the value of (13 - (-37 - 3)) + 0 + -15 + 9 + 16?
63
15 + (-68 - -26) + 23 - (-101 + 0)
97
What is -14 + -7 + (-3 + 3 - -8) + -63 + 121?
45
What is the value of (-4 + 38 + 1 - 66) + -7?
-38
Evaluate 45 - ((19 - 38) + 30) - ((6 - 3) + 5).
26
What is the value of (-16951 - -17056) + (0 - -1)?
106
Evaluate -9 + (-9 - -10) - (20 + -24) - 12.
-16
Calculate (-61 - (-31 + -4)) + (8 - 2).
-20
What is the value of -8 + (1 - 0) - (14 + (-9 - 20))?
8
Evaluate 15 + (-38 - -31) - (-3 + -10).
21
What is 15 + 3 - (-35 + 14 + 5)?
34
What is the value of 6 + -19 + (-24 - (-22 - -13))?
-28
Evaluate (4 - 9) + 30 - 19.
6
Evaluate 2 + (4 - -1) + 1965 + -1963 + (-1 - 105).
-97
What is -31 + (26 - (-124 - (12 + -46)))?
85
Calculate -9 - (12 + (-4 - -26) + -69).
26
Calculate 4 - -1 - (149 + 143 + -344).
57
What is the value of -217 + 93 + 237 + -126?
-13
What is the value of -15 + 4 + 14 + -37?
-34
((26 - 3) + -14 - 7) + -17
-15
-1138 + 1047 + 7 + 3
-81
-21 + -12 + 23 + -7 + -6 - -63
40
What is the value of 54 + (-165 - -115 - 72)?
-68
What is the value of -46 + (-80 - -102) + 27?
3
What is 3 + -33 - (78 + -83)?
-25
What is the value of 2 - 82 - (-22 + 3 - (27 + -15 + -19))?
-68
(85 - (146 - 66)) + 55 + -1
59
Evaluate 1 + -34 + (2979 - 2902).
44
Calculate 8 + -79 + (-6 - (-7 - (-5 - 0)) - -5).
-70
What is the value of 29 - 87 - (110 - 106)?
-62
What is the value of -13 + (-4 - -5) - ((-18 - -103) + (-63 - -61))?
-95
Calculate (-4 - (6 + -18 - 13) - 3) + 5.
23
Calculate (-17 - 1 - (-2 + -2)) + 54 + -57.
-17
What is the value of 4 - 33 - (-1530 + 1466)?
35
Evaluate (-5445 - -5422) + (1 - -35).
13
What is 13 - -6 - (1 + -6) - 76?
-52
What is the value of -62 + (6 - (12 - 7)) - (11 - 5 - -3)?
-70
What is 366 + -363 - (66 - -1) - -24?
-40
(127 - 66 - 34) + 36
63
Evaluate 92 - (69 - 20) - 31.
12
16 + 1 + 37 + -100 + 0 + 18
-28
Calculate (9 - -17) + (726 - 805).
-53
What is the value of (-27 - (-85 + 70)) + -18?
-30
Calculate 63 + 27 + (-225 - -63).
-72
Calculate (-8869 - -9045) + (1 - 110).
67
(156 - 98 - (35 + -5)) + 33
61
What is the value of 9 + 8 + -50 - -35?
2
Evaluate -169 + 258 + (8 - 61).
36
Evaluate 3 + -2 + 2 + (25 - (24 + -16 + 7)).
13
Calculate -10 + (-14 - (-8 + -15) - (3 - 40)).
36
Calculate -36 - -171 - (-2 + (-18 - -6) + 6) - -2.
145
Evaluate -69 + (-116 - -64 - -82).
-39
What is the value of 55 - (45 + -4 + -3 + -20 + (-7 - 0))?
44
Evaluate 7 + (-27 - (-35 - -29)) - (-87 - -1).
72
What is the value of -56 + 18 + (-35 - -70)?
-3
Evaluate (-113 - -55) + 74 + (-2 - 9).
5
What is (13 - (-101 + 11 + 17)) + 1 + -8?
79
What is the value of 59 + -131 - (-22 - 45)?
-5
8 - (-88 + 102 - ((-3 - -3) + 3))
-3
What is -36 + (9 - 7 - -3) + -12 - (8 + -8)?
-43
What is 8 + -9 + -33 + 19 + -50 + -6?
-71
17 - (0 + 8) - 31 - (-2 + 8 + -3)
-25
-48 - 12 - (1 + -7 + 2 + 1 + 0)
-57
Evaluate (-4364 - -4375) + -13 + (-1 - -2) - -71.
70
Evaluate -26 + (37 - (-31 - -58)) + 113.
97
What is the value of (35 + -52 - -2) + 59 + 3 + -1?
46
Evaluate -21 - (-7 + 5 + -7 + -30).
18
Calculate (9 - (32 + (-20 - -5))) + 47.
39
Evaluate 36 + -106 - -109 - (-10 - 0).
49
(-155 - (213 - 392)) + 0 + 4
28
What is the value of 51 + 26 + 605 + -711?
-29
What is the value of -59 - (-119 + 123 - -7)?
-70
What is 125 + (-4 + 81 + -75 - (-1 - 18))?
146
What is -20 - 2 - (8 + -8 - (-1 + 8))?
-15
Calculate -20 + -15 + (-1 - 23 - (-36 + 22)).
-45
What is the value of -70 + (68 - -27) - (-5 - -79)?
-49
What is the value of (-41 + 35 + (-6 + -99 - -6) - -13) + 11?
-81
Evaluate -6 + 6 + (-2 + 11 - 6) + 3 - 24.
-18
Evaluate (4 - ((5 - 1) + 11)) + 2 + (32 - 2).
21
Calculate 46 + -7 + -10 + (-7 - -10 - 8).
24
(120 + -67 - 88) + -27
-62
What is the value of -31 + 40 - 69 - -80?
20
Calculate -377 + 307 + (-2 - -83).
11
What is 3 + (-6 - -2) + 17 + -15 - (46 + 15)?
-60
Calculate (21 - (7 - -13)) + 61 + -22.
40
Evaluate 16 + (-1 - 9 - (-492 - -491)).
7
What is 74 - (11 + 25 + 10)?
28
Evaluate -78 + 6 + (14 - -13) - (2 - -15).
-62
Evaluate (-18 - 4) + 7 + -3 + 5 - (7 + 53).
-73
Evaluate 127 - (80 + -97 - -88).
56
What is 15 + (-16 + 14 - 155) + (-12 - -23 - 5)?
-136
What is the value of -4 - (-12 + 1) - (-6 + (4 - (1 + -47)))?
-37
-29 + (-1 - -5) + (-11 - (-15 - 11)) - 69
-79
What is 0 + (4 - 3) + (-89 - -96) + -12?
-4
What is the value of (-82 - -53) + 52 + -10?
13
Calculate (-3 - -49) + 5 + 5 + 7 + -14 + 7.
56
What is (-8 - -2 - (52 + -94 + 46)) + 64?
54
What is 4 + -38 + -927 + 904?
-57
Evaluate (39 - 2) + (-4 - 13) + (161 - 145).
36
What is 10 - (-18 + 44) - -75 - -9?
68
What is (-1 - -14) + 656 + -671?
-2
What is 5 - (-1 + 7) - ((-5 + 39 - -9) + -4)?
-40
(-110 - (-248 - -123)) + (-12 - -1) + 2 + -1
5
Calculate 4 + (-14 - -31) + -43 + 8 - 7.
-21
Calculate (-49 - -142) + -47 + 8.
54
Calculate (6 - ((19 - 25) + -2 + -3)) + -7 + 5.
15
Evaluate -15 + 2 + -63 + 29 + 30.
-17
-1 + -1 + (-148 - -18) + (-6 - (-10 - 15))
-113
Evaluate 6 - (20 + 31) - -20.
-25
16 + -6 + 4 + -88 + 8 + 6 + -18
-78
-1 + 34 + ((-24 - -19) + 11 - 4)
35
Calculate 30 + -41 + 28 + (-30 - -14).
1
What is the value of -43 + 1 + 22 + 4 - -47?
31
32 + -14 - (-38 - -15 - -15 - -16)
10
Calculate -60 + -152 + 171 + (-3 - 21) + -6 + -1.
-72
Evaluate (23 - (15 - (8 + -5))) + (0 - 2 - 3).
6
What is the value of 93 - (7 - -2 - (89 + -59 - (17 + 2)))?
95
Calculate -3 + -21 + 1 + -2 - (-2440 + 2435).
-20
Evaluate 200 - 220 - (-21 - 1) - (1 - -3 - -7).
-9
Evaluate 42 - -18 - (22 - 38 - (-8 - 0)).
68
What is the value of (-628 - -618) + 9 + -4 + -3 + 75?
67
133 + (-199 - -74) - (1 - (4 - 1))
10
Evaluate -63 + 32 + (-32 - -16).
-47
44 - 3 - (14 + (-8 - -15))
20
2 - (1 - 10) - ((84 - 91) + 35)
-17
What is -1 + (5 - -2 - -1) + (-21 + 26 - 16)?
-4
Calculate (-66 + 95 - 58) + 0.
-29
Calculate -9 + (12 - (17 + (-89 - 3)) - 11).
67
25 - (75 + -16 + 45 + -6)
-73
Calculate (74 + -125 - (4 - 29)) + -23.
-49
Evaluate 60 + -5 + (-3 - -5) + (2041 - 2060).
38
What is the value of -69 + (43 - (1 + 58))?
-85
What is the value of 47 - (29 - 35 - -22)?
31
What is 35 - (24 + -3 - 1) - -5?
20
What is 1 + -74 + 75 + -15 + (8 - (0 - -1))?
-6
Evaluate 2 - 39 - (-41 + 23) - (-4 - -1).
-16
What is -17 - 38 - (-56 - (-2 + -9))?
-10
13 + (-10 + -30 - -79 - 75)
-23
Evaluate (1 - 12) + 122 + -55 + -51.
5
What is (26 - -10) + (0 - 11) + 1 + (4 - -2)?
32
Evaluate (-184 - -221 - 31) + (-43 - (0 - 1)).
-36
0 - ((35 - 44) + (1 - (83 - (1 + -9))))
99
What is -5 - (-39 + (15 - 33))?
52
What is the value of 46 - 52 - (-49 + (-6 - (-8 - -6)) - 6)?
53
What is the value of 128 + (-89 - (-44 - 5))?
88
-22 + -64 + (36 - (25 - 28))
-47
What is the value of (-9 - -3) + 28 + 1